{"id":1315,"date":"2018-10-10T17:23:27","date_gmt":"2018-10-10T17:23:27","guid":{"rendered":"https:\/\/deaixa.net\/palbiro\/?page_id=1315"},"modified":"2024-10-22T15:28:14","modified_gmt":"2024-10-22T15:28:14","slug":"inicio","status":"publish","type":"page","link":"https:\/\/www.deaixa.com\/palbiro\/","title":{"rendered":"Inicio"},"content":{"rendered":"\n<p class=\"has-black-color has-text-color has-link-color wp-elements-cdb3c5afbd48c1a435a75a5899296532\">A los que a\u00fan conf\u00edan en que es posible arribar a lo espiritual o m\u00edstico, no como algo ut\u00f3pico y abstracto, sino como un cambio de perspectiva de lo material hacia lo espiritual. En mi caso personal es una b\u00fasqueda que se inicia alrededor de los 60, como un indagar sobre el ser interior que todos tenemos postergado, por ver tan solo lo superficial, lo que nos aleja de lo esencial e inmortal que es el verdadero Ser.<\/p>\n\n\n\n<p class=\"has-black-color has-text-color has-link-color wp-elements-f288373e8be4ae14450569774e18d781\">El camino m\u00edstico es la b\u00fasqueda que emprend\u00ed hace unos cuatro a\u00f1os, actitud que expreso a trav\u00e9s del canto, la literatura y ahora la pintura. Mi estilo en todas las artes es espont\u00e1neo e intenso, subjetivo, est\u00e9tico, y m\u00f3vil.<\/p>\n\n\n\n<p class=\"has-black-color has-text-color has-link-color wp-elements-3a809deb69d2e4dac3bf6b984a9509f8\">Luego de mi exposici\u00f3n en Lima, viene la parte itinerante, tarea mayor y de m\u00e1s costo. Aun as\u00ed el proyecto principal es lograr un centro comunal creativo art\u00edstico e integrado, en alg\u00fan lugar del departamento de Amazonas.<\/p>\n\n\n\n<p class=\"has-black-color has-text-color has-link-color wp-elements-1c0d43e55fb64b46883e11e22519e1d8\">Estar\u00e9 a la espera de quien se muestre interesado en este intento personal, y para dialogar al respecto tienen mi mail:&nbsp;<a href=\"mailto:palbiro7@hotmail.com\">palbiro7@hotmail.com<\/a>&nbsp;y&nbsp;<a href=\"mailto:palbiro7@gmail.com\">palbiro7@gmail.com<\/a><\/p>\n\n\n\n<p class=\"has-black-color has-text-color has-link-color wp-elements-6dd5d9b7b1992bc6ab7e0a3bc8411343\">Un cordial abrazo y gracias por su visita.<\/p>\n\n\n\n<p class=\"has-black-color has-text-color has-link-color wp-elements-e69ca886d6520098fce0aba302a0e393\">PALBIRO<\/p>\n\n\n\n<p><i>Pablo Ribeiro, PALBIRO, al ser artista m\u00faltiple como lo acredita su exposici\u00f3n, sus recitales de canto y escritos en prosa y poes\u00eda puede ofrecer a cada regi\u00f3n un recital con acompa\u00f1amiento de piano en alg\u00fan teatro o auditorio y con un pianista del lugar. Cuenta con un amplio repertorio l\u00edrico de tenor.<\/i><\/p>\n","protected":false},"excerpt":{"rendered":"<p>A los que a\u00fan conf\u00edan en que es posible arribar a lo espiritual o m\u00edstico, no como algo ut\u00f3pico y abstracto, sino como un cambio de perspectiva de lo material hacia lo espiritual. En mi caso personal es una b\u00fasqueda que se inicia alrededor de los 60, como un indagar sobre el ser interior que todos tenemos postergado, por ver tan solo lo superficial, lo que nos aleja de lo esencial e inmortal que es el verdadero Ser. El camino m\u00edstico es la b\u00fasqueda que emprend\u00ed hace unos cuatro a\u00f1os, actitud que expreso a trav\u00e9s del canto, la literatura y ahora la pintura. Mi estilo<span class=\"more-link\"><a href=\"https:\/\/www.deaixa.com\/palbiro\/\">Seguir Leyendo<\/a><\/span><\/p>\n","protected":false},"author":2,"featured_media":1705,"parent":0,"menu_order":0,"comment_status":"closed","ping_status":"closed","template":"","meta":{"footnotes":""},"class_list":["entry","author-webmaster","post-1315","page","type-page","status-publish","has-post-thumbnail"],"_links":{"self":[{"href":"https:\/\/www.deaixa.com\/palbiro\/wp-json\/wp\/v2\/pages\/1315","targetHints":{"allow":["GET"]}}],"collection":[{"href":"https:\/\/www.deaixa.com\/palbiro\/wp-json\/wp\/v2\/pages"}],"about":[{"href":"https:\/\/www.deaixa.com\/palbiro\/wp-json\/wp\/v2\/types\/page"}],"author":[{"embeddable":true,"href":"https:\/\/www.deaixa.com\/palbiro\/wp-json\/wp\/v2\/users\/2"}],"replies":[{"embeddable":true,"href":"https:\/\/www.deaixa.com\/palbiro\/wp-json\/wp\/v2\/comments?post=1315"}],"version-history":[{"count":3,"href":"https:\/\/www.deaixa.com\/palbiro\/wp-json\/wp\/v2\/pages\/1315\/revisions"}],"predecessor-version":[{"id":2039,"href":"https:\/\/www.deaixa.com\/palbiro\/wp-json\/wp\/v2\/pages\/1315\/revisions\/2039"}],"wp:featuredmedia":[{"embeddable":true,"href":"https:\/\/www.deaixa.com\/palbiro\/wp-json\/wp\/v2\/media\/1705"}],"wp:attachment":[{"href":"https:\/\/www.deaixa.com\/palbiro\/wp-json\/wp\/v2\/media?parent=1315"}],"curies":[{"name":"wp","href":"https:\/\/api.w.org\/{rel}","templated":true}]}}

<p class="has-black-color has-text-color has-link-color wp-elements-cdb3c5afbd48c1a435a75a5899296532">A los que aún confían en que es posible arribar a lo espiritual o místico, no como algo utópico y abstracto, sino como un cambio de perspectiva de lo material hacia lo espiritual. En mi caso personal es una búsqueda que se inicia alrededor de los 60, como un indagar sobre el ser interior que todos tenemos postergado, por ver tan solo lo superficial, lo que nos aleja de lo esencial e inmortal que es el verdadero Ser.</p>



<p class="has-black-color has-text-color has-link-color wp-elements-f288373e8be4ae14450569774e18d781">El camino místico es la búsqueda que emprendí hace unos cuatro años, actitud que expreso a través del canto, la literatura y ahora la pintura. Mi estilo en todas las artes es espontáneo e intenso, subjetivo, estético, y móvil.</p>



<p class="has-black-color has-text-color has-link-color wp-elements-3a809deb69d2e4dac3bf6b984a9509f8">Luego de mi exposición en Lima, viene la parte itinerante, tarea mayor y de más costo. Aun así el proyecto principal es lograr un centro comunal creativo artístico e integrado, en algún lugar del departamento de Amazonas.</p>



<p class="has-black-color has-text-color has-link-color wp-elements-1c0d43e55fb64b46883e11e22519e1d8">Estaré a la espera de quien se muestre interesado en este intento personal, y para dialogar al respecto tienen mi mail:&nbsp;<a href="mailto:palbiro7@hotmail.com">palbiro7@hotmail.com</a>&nbsp;y&nbsp;<a href="mailto:palbiro7@gmail.com">palbiro7@gmail.com</a></p>



<p class="has-black-color has-text-color has-link-color wp-elements-6dd5d9b7b1992bc6ab7e0a3bc8411343">Un cordial abrazo y gracias por su visita.</p>



<p class="has-black-color has-text-color has-link-color wp-elements-e69ca886d6520098fce0aba302a0e393">PALBIRO</p>



<p><i>Pablo Ribeiro, PALBIRO, al ser artista múltiple como lo acredita su exposición, sus recitales de canto y escritos en prosa y poesía puede ofrecer a cada región un recital con acompañamiento de piano en algún teatro o auditorio y con un pianista del lugar. Cuenta con un amplio repertorio lírico de tenor.</i></p>

<p>A los que aún confían en que es posible arribar a lo espiritual o místico, no como algo utópico y abstracto, sino como un cambio de perspectiva de lo material hacia lo espiritual. En mi caso personal es una búsqueda que se inicia alrededor de los 60, como un indagar sobre el ser interior que todos tenemos postergado, por ver tan solo lo superficial, lo que nos aleja de lo esencial e inmortal que es el verdadero Ser. El camino místico es la búsqueda que emprendí hace unos cuatro años, actitud que expreso a través del canto, la literatura y ahora la pintura. Mi estilo<span class="more-link"><a href="https://www.deaixa.com/palbiro/">Seguir Leyendo</a></span></p>
