{"id":425,"date":"2016-05-24T19:08:41","date_gmt":"2016-05-24T19:08:41","guid":{"rendered":"http:\/\/cablegrafica.com\/palbiro\/?page_id=425"},"modified":"2016-05-24T19:08:41","modified_gmt":"2016-05-24T19:08:41","slug":"la-exposicion-en-caral","status":"publish","type":"page","link":"https:\/\/www.deaixa.com\/palbiro\/la-exposicion-en-caral\/","title":{"rendered":"Introducci\u00f3n a la exposici\u00f3n en Caral"},"content":{"rendered":"\n<p>  E<strong>xplosi\u00f3n de colores amaz\u00f3nicos poblada de on\u00edricas im\u00e1genes<\/strong><\/p>\n\n\n\n<p>por Maynor Freyre<\/p>\n\n\n<figure id=\"attachment_507\" aria-describedby=\"caption-attachment-507\" style=\"width: 300px\" class=\"wp-caption alignright\"><a href=\"http:\/\/deaixa.net\/palbiro\/wp-content\/uploads\/2016\/05\/CATALOGO-EXPO-CARAL2.jpg\"><img loading=\"lazy\" decoding=\"async\" class=\"wp-image-507 size-medium\" src=\"https:\/\/www.deaixa.com\/palbiro\/wp-content\/uploads\/2016\/05\/CATALOGO-EXPO-CARAL2-1-1-3-300x225.jpg\" alt=\"&quot;Canto a la Libertad&quot;, Segunda Exposici\u00f3n Itinerante de PalbiroFestival Cultural, Aspero Raymi, Abril 2016\" width=\"300\" height=\"225\" \/><\/a><figcaption id=\"caption-attachment-507\" class=\"wp-caption-text\">&#8220;Canto a la Libertad&#8221;, Segunda Exposici\u00f3n Itinerante de Palbiro<br \/>Festival Cultural, Aspero Raymi, Abril 2016<\/figcaption><\/figure>\n<p>Una explosi\u00f3n de colores a la manera de un crep\u00fasculo permanente, esa especie de incendios con que S\u00e9rvulo Gutierrez nos sorprendiera al retornar de su estad\u00eda parisiense que no solo le dejara cruz\u00e1ndole en una parte del rostro una extensa cicatriz producto de un navajazo, sino ese impresionante manejo del color. Y danzando, contorsionandose entre tal chisporrotear, Palbiro con la mayor libertad incrusta irreverentes imagenes \u00bfel Tunchi, el \u00edcaro?) semihumanas, zool\u00f3gicas, bot\u00e1nicas.<\/p>\n<p>Es indudablemente Ia mirada de un artista que se ha dejado subyugar par el paisaje amaz\u00f3nico, par el color de su flora y fauna,par los mitos que rodean a esta gente, par su sol esplendoroso que suele colarse entre Ia arboleda difuminando sus rayos hasta confundirse con el paisaje o bien aquella lluvia que retumba sus truenos hasta ensordecernos.<\/p>\n<p>Colores y formas se a\u00fanan de manera primitiva, dej\u00e1ndonos la sensaci\u00f3n de estar observando un mensaje enviado desde un surrealismo naif, porque este es un Canto a Ia Libertad creativa, proveniente de un Camino M\u00edstico -denominaciones de la primera y segunda muestras pict\u00f3ricas de Palbiro, un psic\u00f3logo lime\u00f1o que se adentr\u00f3 en el bell canto, ingres\u00f3 a la poes\u00eda y ahora nos deslumbra con sus cuadros.<\/p>\n<p>Repetiremos con el rom\u00e1ntico poeta alem\u00e1n Heinrich Heine (1797 -1856), imagin\u00e1ndonos la musica de su paisano Franz Schubert (1797 &#8211; 1828) que acompa\u00f1a estos versos: <strong>&#8220;Agradecimiento a la m\u00fasica&#8221;<\/strong>.<em> A ti sagrado arte con cuanta frecuencia \/ en las horas oscuras. \/ Cuando la salvaje \u00f3rbita<\/em><br \/><em> de la vida, me agobiaba, \/ lograste encender en m\u00ed \/ los poderes del c\u00e1lido amor \/ y me llevaste a <\/em><em>contemplar un mundo mejor.<\/em><\/p>\n<p>Es a esta contemplaci\u00f3n a la que los invitamos para su asombro, tal cual Ruth Shady y su equipo arqueo1\u00f3gico se asombraran al encontrar entre los vestigios de la milenaria cultura Caral plumajes de aves amaz\u00f3nicas y de flora andina, comprobando as\u00ed que los m\u00e1s antiguos peruanos vivieron del trueque, del comercio con otras culturas lejanas. Siendo lo m\u00e1s asombroso que nunca hallaron un arma, prueba de que las civilizaciones no parten de Ia guerra, del conflicto, como sol\u00edan asegurar muchos cient\u00edficos sociales.<\/p>","protected":false},"excerpt":{"rendered":"<p>Explosi\u00f3n de colores amaz\u00f3nicos poblada de on\u00edricas im\u00e1genes por Maynor Freyre Una explosi\u00f3n de colores a la manera de un crep\u00fasculo permanente, esa especie de incendios con que S\u00e9rvulo Gutierrez nos sorprendiera al retornar de su estad\u00eda parisiense que no solo le dejara cruz\u00e1ndole en una parte del rostro una extensa cicatriz producto de un navajazo, sino ese impresionante manejo del color. Y danzando, contorsionandose entre tal chisporrotear, Palbiro con la mayor libertad incrusta irreverentes imagenes \u00bfel Tunchi, el \u00edcaro?) semihumanas, zool\u00f3gicas, bot\u00e1nicas. Es indudablemente Ia mirada de un artista que se ha dejado subyugar par el paisaje amaz\u00f3nico, par el color de su flora<span class=\"more-link\"><a href=\"https:\/\/www.deaixa.com\/palbiro\/la-exposicion-en-caral\/\">Seguir Leyendo<\/a><\/span><\/p>\n","protected":false},"author":2,"featured_media":0,"parent":0,"menu_order":0,"comment_status":"closed","ping_status":"closed","template":"","meta":{"footnotes":""},"class_list":["entry","author-webmaster","post-425","page","type-page","status-publish"],"_links":{"self":[{"href":"https:\/\/www.deaixa.com\/palbiro\/wp-json\/wp\/v2\/pages\/425","targetHints":{"allow":["GET"]}}],"collection":[{"href":"https:\/\/www.deaixa.com\/palbiro\/wp-json\/wp\/v2\/pages"}],"about":[{"href":"https:\/\/www.deaixa.com\/palbiro\/wp-json\/wp\/v2\/types\/page"}],"author":[{"embeddable":true,"href":"https:\/\/www.deaixa.com\/palbiro\/wp-json\/wp\/v2\/users\/2"}],"replies":[{"embeddable":true,"href":"https:\/\/www.deaixa.com\/palbiro\/wp-json\/wp\/v2\/comments?post=425"}],"version-history":[{"count":0,"href":"https:\/\/www.deaixa.com\/palbiro\/wp-json\/wp\/v2\/pages\/425\/revisions"}],"wp:attachment":[{"href":"https:\/\/www.deaixa.com\/palbiro\/wp-json\/wp\/v2\/media?parent=425"}],"curies":[{"name":"wp","href":"https:\/\/api.w.org\/{rel}","templated":true}]}}

Introducción a la exposición en Caral

<p>  E<strong>xplosión de colores amazónicos poblada de oníricas imágenes</strong></p>



<p>por Maynor Freyre</p>


<figure id="attachment_507" aria-describedby="caption-attachment-507" style="width: 300px" class="wp-caption alignright"><a href="http://deaixa.net/palbiro/wp-content/uploads/2016/05/CATALOGO-EXPO-CARAL2.jpg"><img loading="lazy" decoding="async" class="wp-image-507 size-medium" src="https://www.deaixa.com/palbiro/wp-content/uploads/2016/05/CATALOGO-EXPO-CARAL2-1-1-3-300x225.jpg" alt="&quot;Canto a la Libertad&quot;, Segunda Exposición Itinerante de PalbiroFestival Cultural, Aspero Raymi, Abril 2016" width="300" height="225" /></a><figcaption id="caption-attachment-507" class="wp-caption-text">&#8220;Canto a la Libertad&#8221;, Segunda Exposición Itinerante de Palbiro<br />Festival Cultural, Aspero Raymi, Abril 2016</figcaption></figure>
<p>Una explosión de colores a la manera de un crepúsculo permanente, esa especie de incendios con que Sérvulo Gutierrez nos sorprendiera al retornar de su estadía parisiense que no solo le dejara cruzándole en una parte del rostro una extensa cicatriz producto de un navajazo, sino ese impresionante manejo del color. Y danzando, contorsionandose entre tal chisporrotear, Palbiro con la mayor libertad incrusta irreverentes imagenes ¿el Tunchi, el ícaro?) semihumanas, zoológicas, botánicas.</p>
<p>Es indudablemente Ia mirada de un artista que se ha dejado subyugar par el paisaje amazónico, par el color de su flora y fauna,par los mitos que rodean a esta gente, par su sol esplendoroso que suele colarse entre Ia arboleda difuminando sus rayos hasta confundirse con el paisaje o bien aquella lluvia que retumba sus truenos hasta ensordecernos.</p>
<p>Colores y formas se aúnan de manera primitiva, dejándonos la sensación de estar observando un mensaje enviado desde un surrealismo naif, porque este es un Canto a Ia Libertad creativa, proveniente de un Camino Místico -denominaciones de la primera y segunda muestras pictóricas de Palbiro, un psicólogo limeño que se adentró en el bell canto, ingresó a la poesía y ahora nos deslumbra con sus cuadros.</p>
<p>Repetiremos con el romántico poeta alemán Heinrich Heine (1797 -1856), imaginándonos la musica de su paisano Franz Schubert (1797 &#8211; 1828) que acompaña estos versos: <strong>&#8220;Agradecimiento a la música&#8221;</strong>.<em> A ti sagrado arte con cuanta frecuencia / en las horas oscuras. / Cuando la salvaje órbita</em><br /><em> de la vida, me agobiaba, / lograste encender en mí / los poderes del cálido amor / y me llevaste a </em><em>contemplar un mundo mejor.</em></p>
<p>Es a esta contemplación a la que los invitamos para su asombro, tal cual Ruth Shady y su equipo arqueo1ógico se asombraran al encontrar entre los vestigios de la milenaria cultura Caral plumajes de aves amazónicas y de flora andina, comprobando así que los más antiguos peruanos vivieron del trueque, del comercio con otras culturas lejanas. Siendo lo más asombroso que nunca hallaron un arma, prueba de que las civilizaciones no parten de Ia guerra, del conflicto, como solían asegurar muchos científicos sociales.</p>

<p>Explosión de colores amazónicos poblada de oníricas imágenes por Maynor Freyre Una explosión de colores a la manera de un crepúsculo permanente, esa especie de incendios con que Sérvulo Gutierrez nos sorprendiera al retornar de su estadía parisiense que no solo le dejara cruzándole en una parte del rostro una extensa cicatriz producto de un navajazo, sino ese impresionante manejo del color. Y danzando, contorsionandose entre tal chisporrotear, Palbiro con la mayor libertad incrusta irreverentes imagenes ¿el Tunchi, el ícaro?) semihumanas, zoológicas, botánicas. Es indudablemente Ia mirada de un artista que se ha dejado subyugar par el paisaje amazónico, par el color de su flora<span class="more-link"><a href="https://www.deaixa.com/palbiro/la-exposicion-en-caral/">Seguir Leyendo</a></span></p>
